{"id":20,"date":"2024-12-16T09:34:38","date_gmt":"2024-12-16T09:34:38","guid":{"rendered":"https:\/\/ilma-group.fi\/?page_id=20"},"modified":"2025-01-16T10:52:57","modified_gmt":"2025-01-16T10:52:57","slug":"ilma-group-oy","status":"publish","type":"page","link":"https:\/\/ilma-group.fi\/","title":{"rendered":"Ilma Group Oy"},"content":{"rendered":"<section class=\"bde-section-20-100 bde-section\">\n              \n  \n  \n\t    \n      <div class=\"section-background-video\">\n              <video\n          autoplay\n          muted\n                      playsinline\n                                loop\n                          >\n        <source src=\"https:\/\/ilma-group.fi\/wp-content\/uploads\/2025\/01\/Kopio-Green-Today-Better-Tomorrow.mp4\" type=\"video\/mp4\" \/>\n      <\/video>\n      <\/div>\n\n\n\n\n<div class=\"section-container\"><img decoding=\"async\" class=\"bde-image2-20-126 bde-image2\" src=\"https:\/\/ilma-group.fi\/wp-content\/uploads\/2025\/01\/Nimeton-malli-36-150x150.avif\" loading=\"lazy\" srcset=\"https:\/\/ilma-group.fi\/wp-content\/uploads\/2025\/01\/Nimeton-malli-36-150x150.avif 150w, https:\/\/ilma-group.fi\/wp-content\/uploads\/2025\/01\/Nimeton-malli-36-300x300.avif 300w\" sizes=\"(max-width: 150px) 100vw, 150px\"><h2 class=\"bde-heading-20-123 bde-heading\" data-entrance=\"slideDown\">\nOPTIMAALISET OLOSUHTEET,<br>ENERGIATEHOKKAAMPI <br>HUOMINEN\n<\/h2><div class=\"bde-text-20-124 bde-text\">\nLuotettava ja kest\u00e4v\u00e4 kumppani <br>kiinteist\u00f6si parhaaksi.\n<\/div><\/div>\n<\/section><section class=\"bde-section-20-107 bde-section\">\n              \n  \n  \n\t    \n      <div class=\"section-background-video\">\n          <\/div>\n\n\n\n\n<div class=\"section-container\"><h1 class=\"bde-heading-20-108 bde-heading\">\nIlma Group Oy\n<\/h1><img decoding=\"async\" class=\"bde-image2-20-109 bde-image2\" src=\"https:\/\/ilma-group.fi\/wp-content\/uploads\/2024\/12\/Logo-koevedos-300x300.png\" loading=\"lazy\" srcset=\"https:\/\/ilma-group.fi\/wp-content\/uploads\/2024\/12\/Logo-koevedos-300x300.png 300w, https:\/\/ilma-group.fi\/wp-content\/uploads\/2024\/12\/Logo-koevedos-150x150.png 150w, https:\/\/ilma-group.fi\/wp-content\/uploads\/2024\/12\/Logo-koevedos-768x768.png 768w\" sizes=\"(max-width: 300px) 100vw, 300px\"><\/div>\n<\/section><section class=\"bde-section-20-104 bde-section\">\n  \n  \n\t\n\n\n\n<div class=\"section-container\"><h2 class=\"bde-heading-20-105 bde-heading\">\n\"Lupaamme, ett\u00e4 kiinteist\u00f6si toimii optimaalisella tavalla nyt ja tulevaisuudessa. Kehit\u00e4mme toimintaamme jatkuvasti ja hy\u00f6dynn\u00e4mme uusinta teknologiaa.\"\n<\/h2><\/div>\n<\/section><section class=\"bde-section-20-112 bde-section\">\n  \n  \n\t\n\n\n\n<div class=\"section-container\"><h2 class=\"bde-heading-20-116 bde-heading\">\nOta yhteytt\u00e4.\n<\/h2><div class=\"bde-icon-list-20-121 bde-icon-list\">\n<ul>\n  \n              \n    <li>\n                      \n            \n            \n\n    \n    \n    \n    \n    \n    <a class=\"breakdance-link bde-icon-list__item-wrapper\" href=\"tel:+3580504491577\" target=\"_self\" data-type=\"url\"  >\n\n      \n      <span class='bde-icon-list__icon'>\n        <svg xmlns=\"http:\/\/www.w3.org\/2000\/svg\" viewBox=\"0 0 512 512\"><!--! Font Awesome Free 6.5.1 by @fontawesome - https:\/\/fontawesome.com License - https:\/\/fontawesome.com\/license\/free (Icons: CC BY 4.0, Fonts: SIL OFL 1.1, Code: MIT License) Copyright 2023 Fonticons, Inc. --><path d=\"M164.9 24.6c-7.7-18.6-28-28.5-47.4-23.2l-88 24C12.1 30.2 0 46 0 64C0 311.4 200.6 512 448 512c18 0 33.8-12.1 38.6-29.5l24-88c5.3-19.4-4.6-39.7-23.2-47.4l-96-40c-16.3-6.8-35.2-2.1-46.3 11.6L304.7 368C234.3 334.7 177.3 277.7 144 207.3L193.3 167c13.7-11.2 18.4-30 11.6-46.3l-40-96z\"\/><\/svg>\n      <\/span>\n      <span class='bde-icon-list__text' >\n      +358 50 449 1577\n      <\/span>\n                  <\/a>\n\n      \n    <\/li>\n\n  \n              \n    <li>\n                      \n            \n            \n\n    \n    \n    \n    \n    \n    <a class=\"breakdance-link bde-icon-list__item-wrapper\" href=\"mailto:lauri.kauppinen@ilma-group.fi\" target=\"_self\" data-type=\"url\"  >\n\n      \n      <span class='bde-icon-list__icon'>\n        <svg xmlns=\"http:\/\/www.w3.org\/2000\/svg\" id=\"icon-mail4\" viewBox=\"0 0 32 32\">\n<path d=\"M16 0c-8.837 0-16 7.163-16 16s7.163 16 16 16 16-7.163 16-16-7.163-16-16-16zM8 8h16c0.286 0 0.563 0.061 0.817 0.177l-8.817 10.286-8.817-10.287c0.254-0.116 0.531-0.177 0.817-0.177zM6 22v-12c0-0.042 0.002-0.084 0.004-0.125l5.864 6.842-5.8 5.8c-0.045-0.167-0.069-0.34-0.069-0.517zM24 24h-16c-0.177 0-0.35-0.024-0.517-0.069l5.691-5.691 2.826 3.297 2.826-3.297 5.691 5.691c-0.167 0.045-0.34 0.069-0.517 0.069zM26 22c0 0.177-0.024 0.35-0.069 0.517l-5.8-5.8 5.865-6.842c0.003 0.041 0.004 0.083 0.004 0.125v12z\"\/>\n<\/svg>\n      <\/span>\n      <span class='bde-icon-list__text' >\n      lauri.kauppinen (at) ilma-group.fi\n      <\/span>\n                  <\/a>\n\n      \n    <\/li>\n\n  <\/ul>\n\n<\/div><\/div>\n<\/section>","protected":false},"excerpt":{"rendered":"<p>OPTIMAALISET OLOSUHTEET,ENERGIATEHOKKAAMPI HUOMINEN Luotettava ja kest\u00e4v\u00e4 kumppani kiinteist\u00f6si parhaaksi. Ilma Group Oy &#8221;Lupaamme, ett\u00e4 kiinteist\u00f6si toimii optimaalisella tavalla nyt ja tulevaisuudessa. Kehit\u00e4mme toimintaamme jatkuvasti ja hy\u00f6dynn\u00e4mme uusinta teknologiaa.&#8221; Ota yhteytt\u00e4. +358 50 449 1577 lauri.kauppinen (at) ilma-group.fi<\/p>\n","protected":false},"author":2,"featured_media":38,"parent":0,"menu_order":0,"comment_status":"closed","ping_status":"closed","template":"","meta":{"_breakdance_hide_in_design_set":false,"_breakdance_tags":"","footnotes":""},"class_list":["post-20","page","type-page","status-publish","has-post-thumbnail","hentry"],"yoast_head":"<!-- This site is optimized with the Yoast SEO plugin v27.5 - https:\/\/yoast.com\/product\/yoast-seo-wordpress\/ -->\n<title>Ilma Group Oy - Ilma Group Oy<\/title>\n<meta name=\"description\" content=\"Optimaaliset olosuhteet, energiatehokkaampi huominen. Ilma Group on luotettava ja kest\u00e4v\u00e4 yhteisty\u00f6kumppani kiinteist\u00f6si parhaaksi.\" \/>\n<meta name=\"robots\" content=\"index, follow, max-snippet:-1, max-image-preview:large, max-video-preview:-1\" \/>\n<link rel=\"canonical\" href=\"https:\/\/ilma-group.fi\/\" \/>\n<meta property=\"og:locale\" content=\"fi_FI\" \/>\n<meta property=\"og:type\" content=\"article\" \/>\n<meta property=\"og:title\" content=\"Ilma Group Oy - Ilma Group Oy\" \/>\n<meta property=\"og:description\" content=\"Optimaaliset olosuhteet, energiatehokkaampi huominen. Ilma Group on luotettava ja kest\u00e4v\u00e4 yhteisty\u00f6kumppani kiinteist\u00f6si parhaaksi.\" \/>\n<meta property=\"og:url\" content=\"https:\/\/ilma-group.fi\/\" \/>\n<meta property=\"og:site_name\" content=\"Ilma Group Oy\" \/>\n<meta property=\"article:modified_time\" content=\"2025-01-16T10:52:57+00:00\" \/>\n<meta property=\"og:image\" content=\"https:\/\/ilma-group.fi\/wp-content\/uploads\/2025\/01\/Nimeton-malli-36-png.avif\" \/>\n\t<meta property=\"og:image:width\" content=\"500\" \/>\n\t<meta property=\"og:image:height\" content=\"500\" \/>\n\t<meta property=\"og:image:type\" content=\"image\/png\" \/>\n<meta name=\"twitter:card\" content=\"summary_large_image\" \/>\n<meta name=\"twitter:label1\" content=\"Arvioitu lukuaika\" \/>\n\t<meta name=\"twitter:data1\" content=\"1 minuutti\" \/>\n<script type=\"application\/ld+json\" class=\"yoast-schema-graph\">{\"@context\":\"https:\\\/\\\/schema.org\",\"@graph\":[{\"@type\":\"WebPage\",\"@id\":\"https:\\\/\\\/ilma-group.fi\\\/\",\"url\":\"https:\\\/\\\/ilma-group.fi\\\/\",\"name\":\"Ilma Group Oy - Ilma Group Oy\",\"isPartOf\":{\"@id\":\"https:\\\/\\\/ilma-group.fi\\\/#website\"},\"primaryImageOfPage\":{\"@id\":\"https:\\\/\\\/ilma-group.fi\\\/#primaryimage\"},\"image\":{\"@id\":\"https:\\\/\\\/ilma-group.fi\\\/#primaryimage\"},\"thumbnailUrl\":\"https:\\\/\\\/ilma-group.fi\\\/wp-content\\\/uploads\\\/2025\\\/01\\\/Nimeton-malli-36-png.avif\",\"datePublished\":\"2024-12-16T09:34:38+00:00\",\"dateModified\":\"2025-01-16T10:52:57+00:00\",\"description\":\"Optimaaliset olosuhteet, energiatehokkaampi huominen. Ilma Group on luotettava ja kest\u00e4v\u00e4 yhteisty\u00f6kumppani kiinteist\u00f6si parhaaksi.\",\"breadcrumb\":{\"@id\":\"https:\\\/\\\/ilma-group.fi\\\/#breadcrumb\"},\"inLanguage\":\"fi\",\"potentialAction\":[{\"@type\":\"ReadAction\",\"target\":[\"https:\\\/\\\/ilma-group.fi\\\/\"]}]},{\"@type\":\"ImageObject\",\"inLanguage\":\"fi\",\"@id\":\"https:\\\/\\\/ilma-group.fi\\\/#primaryimage\",\"url\":\"https:\\\/\\\/ilma-group.fi\\\/wp-content\\\/uploads\\\/2025\\\/01\\\/Nimeton-malli-36-png.avif\",\"contentUrl\":\"https:\\\/\\\/ilma-group.fi\\\/wp-content\\\/uploads\\\/2025\\\/01\\\/Nimeton-malli-36-png.avif\",\"width\":500,\"height\":500},{\"@type\":\"BreadcrumbList\",\"@id\":\"https:\\\/\\\/ilma-group.fi\\\/#breadcrumb\",\"itemListElement\":[{\"@type\":\"ListItem\",\"position\":1,\"name\":\"Home\",\"item\":\"https:\\\/\\\/ilma-group.fi\\\/\"},{\"@type\":\"ListItem\",\"position\":2,\"name\":\"Ilma Group Oy\"}]},{\"@type\":\"WebSite\",\"@id\":\"https:\\\/\\\/ilma-group.fi\\\/#website\",\"url\":\"https:\\\/\\\/ilma-group.fi\\\/\",\"name\":\"Ilma Group Oy\",\"description\":\"Kiinteist\u00f6si parhaaksi\",\"potentialAction\":[{\"@type\":\"SearchAction\",\"target\":{\"@type\":\"EntryPoint\",\"urlTemplate\":\"https:\\\/\\\/ilma-group.fi\\\/?s={search_term_string}\"},\"query-input\":{\"@type\":\"PropertyValueSpecification\",\"valueRequired\":true,\"valueName\":\"search_term_string\"}}],\"inLanguage\":\"fi\"}]}<\/script>\n<!-- \/ Yoast SEO plugin. -->","yoast_head_json":{"title":"Ilma Group Oy - Ilma Group Oy","description":"Optimaaliset olosuhteet, energiatehokkaampi huominen. Ilma Group on luotettava ja kest\u00e4v\u00e4 yhteisty\u00f6kumppani kiinteist\u00f6si parhaaksi.","robots":{"index":"index","follow":"follow","max-snippet":"max-snippet:-1","max-image-preview":"max-image-preview:large","max-video-preview":"max-video-preview:-1"},"canonical":"https:\/\/ilma-group.fi\/","og_locale":"fi_FI","og_type":"article","og_title":"Ilma Group Oy - Ilma Group Oy","og_description":"Optimaaliset olosuhteet, energiatehokkaampi huominen. Ilma Group on luotettava ja kest\u00e4v\u00e4 yhteisty\u00f6kumppani kiinteist\u00f6si parhaaksi.","og_url":"https:\/\/ilma-group.fi\/","og_site_name":"Ilma Group Oy","article_modified_time":"2025-01-16T10:52:57+00:00","og_image":[{"width":500,"height":500,"url":"https:\/\/ilma-group.fi\/wp-content\/uploads\/2025\/01\/Nimeton-malli-36-png.avif","type":"image\/png"}],"twitter_card":"summary_large_image","twitter_misc":{"Arvioitu lukuaika":"1 minuutti"},"schema":{"@context":"https:\/\/schema.org","@graph":[{"@type":"WebPage","@id":"https:\/\/ilma-group.fi\/","url":"https:\/\/ilma-group.fi\/","name":"Ilma Group Oy - Ilma Group Oy","isPartOf":{"@id":"https:\/\/ilma-group.fi\/#website"},"primaryImageOfPage":{"@id":"https:\/\/ilma-group.fi\/#primaryimage"},"image":{"@id":"https:\/\/ilma-group.fi\/#primaryimage"},"thumbnailUrl":"https:\/\/ilma-group.fi\/wp-content\/uploads\/2025\/01\/Nimeton-malli-36-png.avif","datePublished":"2024-12-16T09:34:38+00:00","dateModified":"2025-01-16T10:52:57+00:00","description":"Optimaaliset olosuhteet, energiatehokkaampi huominen. Ilma Group on luotettava ja kest\u00e4v\u00e4 yhteisty\u00f6kumppani kiinteist\u00f6si parhaaksi.","breadcrumb":{"@id":"https:\/\/ilma-group.fi\/#breadcrumb"},"inLanguage":"fi","potentialAction":[{"@type":"ReadAction","target":["https:\/\/ilma-group.fi\/"]}]},{"@type":"ImageObject","inLanguage":"fi","@id":"https:\/\/ilma-group.fi\/#primaryimage","url":"https:\/\/ilma-group.fi\/wp-content\/uploads\/2025\/01\/Nimeton-malli-36-png.avif","contentUrl":"https:\/\/ilma-group.fi\/wp-content\/uploads\/2025\/01\/Nimeton-malli-36-png.avif","width":500,"height":500},{"@type":"BreadcrumbList","@id":"https:\/\/ilma-group.fi\/#breadcrumb","itemListElement":[{"@type":"ListItem","position":1,"name":"Home","item":"https:\/\/ilma-group.fi\/"},{"@type":"ListItem","position":2,"name":"Ilma Group Oy"}]},{"@type":"WebSite","@id":"https:\/\/ilma-group.fi\/#website","url":"https:\/\/ilma-group.fi\/","name":"Ilma Group Oy","description":"Kiinteist\u00f6si parhaaksi","potentialAction":[{"@type":"SearchAction","target":{"@type":"EntryPoint","urlTemplate":"https:\/\/ilma-group.fi\/?s={search_term_string}"},"query-input":{"@type":"PropertyValueSpecification","valueRequired":true,"valueName":"search_term_string"}}],"inLanguage":"fi"}]}},"_links":{"self":[{"href":"https:\/\/ilma-group.fi\/index.php?rest_route=\/wp\/v2\/pages\/20","targetHints":{"allow":["GET"]}}],"collection":[{"href":"https:\/\/ilma-group.fi\/index.php?rest_route=\/wp\/v2\/pages"}],"about":[{"href":"https:\/\/ilma-group.fi\/index.php?rest_route=\/wp\/v2\/types\/page"}],"author":[{"embeddable":true,"href":"https:\/\/ilma-group.fi\/index.php?rest_route=\/wp\/v2\/users\/2"}],"replies":[{"embeddable":true,"href":"https:\/\/ilma-group.fi\/index.php?rest_route=%2Fwp%2Fv2%2Fcomments&post=20"}],"version-history":[{"count":10,"href":"https:\/\/ilma-group.fi\/index.php?rest_route=\/wp\/v2\/pages\/20\/revisions"}],"predecessor-version":[{"id":42,"href":"https:\/\/ilma-group.fi\/index.php?rest_route=\/wp\/v2\/pages\/20\/revisions\/42"}],"wp:featuredmedia":[{"embeddable":true,"href":"https:\/\/ilma-group.fi\/index.php?rest_route=\/wp\/v2\/media\/38"}],"wp:attachment":[{"href":"https:\/\/ilma-group.fi\/index.php?rest_route=%2Fwp%2Fv2%2Fmedia&parent=20"}],"curies":[{"name":"wp","href":"https:\/\/api.w.org\/{rel}","templated":true}]}}